31
Let h(f) = -4*f - 8. What is h(4)?
-24
Let p(w) = -9*w + 3. Determine p(5).
-42
Let t(f) = 6*f - 25. Determine t(-16).
-121
Let b(x) = 3*x - 27. What is b(9)?
0
Let i(x) = 4*x**2 - 94*x - 49. Determine i(24).
-1
Let x(h) = -2*h**3 + 41*h**2 + 21*h - 8. Determine x(21).
-8
Let v(k) = -k**3 + 14*k**2 - 13*k + 65. Calculate v(13).
65
Let i(k) = -k**3 + 4*k**2 + 2*k + 7. What is i(5)?
-8
Let i(c) = c**2 + 6*c. Determine i(-5).
-5
Let a(f) = -f + 19. Calculate a(12).
7
Let c(m) = m**3 - 8*m**2 + 5*m + 1. What is c(4)?
-43
Let t(z) = z**3 - 12*z**2 + 27*z. What is t(9)?
0
Let x(t) = 4*t + 37. Determine x(-11).
-7
Let i(m) = m**2 + 9*m + 16. Determine i(-5).
-4
Let z(y) = -26*y + 13. Give z(-3).
91
Let g(j) = 2*j**2 - 10*j - 2. Determine g(6).
10
Let m(f) = -25*f - 367. What is m(-15)?
8
Let c(l) = 2*l - 7. Give c(5).
3
Let h(b) = b**3 - 6*b**2 + 5*b + 6. What is h(6)?
36
Let o(s) = s**3 - 10*s**2 - 9*s - 14. Calculate o(11).
8
Let a(m) = -3*m**3 + 2*m**2 - 3*m - 5. Calculate a(-3).
103
Let v(h) = 51*h - 777. Determine v(15).
-12
Let z(a) = -31*a - 114. Give z(-4).
10
Let k(z) = 4*z + 15. Calculate k(-4).
-1
Let x(h) = 2*h**2 + 54*h + 5. Determine x(-27).
5
Let q(a) = 4*a - 33. Determine q(12).
15
Let c(p) = -p**3 - 19*p**2 - 27*p - 51. Give c(-18).
111
Let i(l) = -4*l - 153. Calculate i(0).
-153
Let d(m) = -16*m + 134. What is d(9)?
-10
Let t(a) = -a**3 - a**2 + 3*a - 2. What is t(-3)?
7
Let n(q) = q - 29. What is n(12)?
-17
Let o(h) = -4*h**3 + 2*h**2 - 3*h - 5. Determine o(-2).
41
Let i(s) = 4*s**2 - 13*s - 10. Determine i(6).
56
Let r(q) = 2*q**2 - 10*q - 6. Give r(6).
6
Let k(l) = -l**2 + 6*l - 10. Calculate k(6).
-10
Let l(f) = -3*f**2 - 30*f - 31. Calculate l(-9).
-4
Let q(w) = w**2 + 14*w + 10. Give q(-12).
-14
Let k(f) = -f**2 + 14*f - 7. Calculate k(13).
6
Let o(s) = s**2 - 37. What is o(-5)?
-12
Let n(m) = m**3 + 10*m**2 + 12*m + 17. Give n(-9).
-10
Let r(m) = m**2 - 11*m - 7. Determine r(12).
5
Let t(q) = 4*q**2 + 83*q + 10. Determine t(-21).
31
Let k(y) = -2*y**2 + 24*y - 5. What is k(0)?
-5
Let j(a) = -a**3 + 5*a**2 - 4*a - 3. Calculate j(4).
-3
Let g(p) = -17*p**2 - 112*p + 42. What is g(-7)?
-7
Let q(z) = 15*z + 679. Calculate q(-45).
4
Let i(d) = -d - 28. Determine i(0).
-28
Let q(f) = 3*f**2 + f - 1. Calculate q(1).
3
Let o(r) = -r**2 - 10*r - 4. Calculate o(-8).
12
Let s(a) = -a**3 + 13*a**2 - a + 17. What is s(13)?
4
Let s(p) = -p**2 - 10*p + 7. Give s(-8).
23
Let i(r) = -r**3 + 21*r**2 - r + 17. Determine i(21).
-4
Let u(m) = 9*m + 1. What is u(-3)?
-26
Let c(o) = -5*o - 2. Calculate c(-4).
18
Let m(z) = -2*z**2 + 18*z + 61. Determine m(12).
-11
Let m(j) = -5*j**3 + 2*j**2 - 3*j - 4. Give m(-1).
6
Let t(l) = 24*l - 38. Give t(4).
58
Let k(f) = -10*f + 54. What is k(5)?
4
Let n(p) = -p**2 - 5*p + 19. What is n(-7)?
5
Let i(x) = 2*x - 40. Calculate i(16).
-8
Let m(a) = a**2 + 12*a + 27. Determine m(-9).
0
Let n(s) = -2*s**2 + 20*s - 11. Calculate n(9).
7
Let f(a) = a**3 + 41*a**2 + 2*a + 70. Determine f(-41).
-12
Let f(b) = -b**2 - 9*b + 64. Calculate f(5).
-6
Let x(l) = l**2 + 2*l - 133. Calculate x(-13).
10
Let n(v) = v**3 - v**2 + 2*v - 19. Calculate n(3).
5
Let o(q) = 3*q - 88. What is o(26)?
-10
Let w(m) = -m**2 - 6*m + 1. What is w(-4)?
9
Let y(c) = -2*c**3 - 3*c**2 + 5*c + 3. Give y(-3).
15
Let g(b) = -b**3 - 4*b**2 + 3*b + 8. What is g(-4)?
-4
Let t(q) = 3*q**2 - 6*q + 14. Give t(2).
14
Let t(m) = m**3 - 5*m**2 + 5*m - 6. What is t(4)?
-2
Let p(u) = 2*u**3 + 10*u**2 - 11. Calculate p(-4).
21
Let w(x) = -2*x**2 + 17*x + 34. Calculate w(10).
4
Let q(j) = j**2 - 9*j - 5. Calculate q(10).
5
Let d(i) = 13*i - 3. Give d(5).
62
Let v(y) = y**2 + 6*y - 6. Give v(-5).
-11
Let g(v) = 9*v + 18. Determine g(-3).
-9
Let g(u) = -2*u**2 - 2*u + 2. Give g(-2).
-2
Let v(d) = -3*d + 45. What is v(15)?
0
Let b(g) = 2*g + 27. What is b(-9)?
9
Let c(o) = -7*o + 24. Calculate c(-5).
59
Let c(p) = 48*p - 319. Calculate c(7).
17
Let i(z) = z**3 - 6*z**2 - 4*z - 8. Calculate i(7).
13
Let s(w) = -w**3 + 4*w**2 + 22*w - 7. Give s(7).
0
Let z(b) = 2*b**3 - 7*b**2 - 3*b + 3. Give z(4).
7
Let l(t) = 2*t + 11. What is l(-24)?
-37
Let b(h) = -2*h**3 + 24*h**2 - 19*h - 28. Calculate b(11).
5
Let o(p) = -17*p**2 - 151*p + 20. Calculate o(-9).
2
Let s(o) = -4*o**2 - 2*o + 3. Calculate s(-3).
-27
Let z(o) = -o**2 + o - 10. Calculate z(0).
-10
Let w(z) = z**2 + 11*z + 8. Calculate w(-11).
8
Let p(v) = 4*v + 14. Calculate p(11).
58
Let k(q) = q**3 + 14*q**2 + 12*q - 10. Calculate k(-13).
3
Let j(l) = -17*l + 2. Give j(-4).
70
Let l(c) = -c**2 + 7*c - 3. What is l(4)?
9
Let s(d) = -d. Calculate s(-8).
8
Let x(i) = i**3 - 6*i**2 - 4*i + 5. Determine x(6).
-19
Let m(p) = -p**2 - 64*p + 195. Give m(3).
-6
Let h(z) = z**2 - 7*z - 6. Calculate h(8).
2
Let z(r) = 2*r + 45. Give z(-23).
-1
Let q(o) = -4*o + 223. Determine q(49).
27
Let g(q) = q**3 + 8*q**2 - 6*q + 9. Determine g(-9).
-18
Let y(d) = -5*d - 3. Determine y(-2).
7
Let y(a) = a**3 - 6*a**2 + 13*a + 2. Give y(3).
14
Let k(h) = -h**2 + 4*h + 32. Give k(7).
11
Let m(n) = 3*n + 19. Determine m(-12).
-17
Let t(n) = n**2 - 3*n - 34. Give t(8).
6
Let n(l) = 2*l**3 + 20*l**2 - l - 22. What is n(-10)?
-12
Let p(s) = 174*s**2 + s + 1. Calculate p(-1).
174
Let v(i) = -2*i**3 - 43*i**2 + 25*i + 61. Calculate v(-22).
-5
Let r(p) = -3*p - 3. Give r(-6).
15
Let a(m) = -16*m - 29. Calculate a(-8).
99
Let p(u) = -u**3 - 12*u**2 - 2*u - 22. Determine p(-12).
2
Let o(j) = -5*j + 15. Give o(4).
-5
Let d(x) = x**2 - 9*x + 6. What is d(8)?
-2
Let f(u) = u + 17. Calculate f(-4).
13
Let a(i) = 6*i - 4. Give a(-1).
-10
Let d(n) = n**3 + 5*n**2 + 2. Give d(-5).
2
Let m(f) = f**3 - 13*f**2 - 15*f + 24. What is m(14)?
10
Let n(u) = -u**3 + 9*u**2 - 3*u - 13. Calculate n(9).
-40
Let u(j) = j - 11. Give u(11).
0
Let y(z) = 2*z**3 + z**2 - z + 3. Determine y(0).
3
Let g(h) = h**3 - 2*h**2 + 4*h - 26. Calculate g(0).
-26
Let q(u) = -u**3 - 13*u**2 - 24*u - 30. What is q(-11)?
-8
Let g(s) = s**3 + 33*s**2 - 33*s + 43. Determine g(-34).
9
Let m(h) = h - 20. Calculate m(9).
-11
Let n(o) = 5*o + 12. Give n(-8).
-28
Let o(v) = v**3 + 4*v**2 - 5*v + 4. Calculate o(2).
18
Let t(x) = -9*x + 1. Determine t(3).
-26
Let l(w) = w**3 - 8*w**2 - 21*w + 7. Determine l(10).
-3
Let z(x) = x**3 - 8*x**2 + 4*x + 2. What is z(6)?
-46
Let c(w) = w - 24. Give c(23).
-1
Let z(p) = -p**3 - 7*p**2 + p - 6. Determine z(-7).
-13
Let w(k) = -k + 29. Determine w(11).
18
Let b(y) = y**3 + 22*y**2 + 22*y + 36. Calculate b(-21).
15
Let g(k) = -k - 44. Give g(7).
-51
Let k(d) = -d**2 + 8*d + 10. Give k(4).
26
Let q(l) = -l**3 + l**2 + 15*l - 17. What is q(2)?
9
Let f(u) = -u**3 + 5*u**2 + 10*u + 6. Give f(7).
-22
Let l(k) = -3*k**3 + 83*k**2 + 24*k + 110. Give l(28).
-2
Let i(x) = x**2 - 4*x - 6. Give i(6).
6
Let f(d) = -2*d**2 + 5*d - 2. What is f(5)?
-27
Let m(x) = x**3 - 12*x**2 + 17*x - 39. Give m(12).
165
Let o(p) = p**2 - 10*p + 2. Calculate o(11).
13
Let w(z) = -10*z + 2. Calculate w(3).
-28
Let x(o) = -o**3 + 43*o**2 - 38*o - 174. Calculate x(42).
-6
Let z(y) = y**3 + 4*y**2 - 2*y + 5. What is z(-5)?
-10
Let s(v) = -v**2 + 10*v - 11. What is s(7)?
10
Let u(i) = -3*i - 99. Give u(-19).
-42
Let t(l) = 6*l**2 - 2*l + 1. Give t(3).
49
Let v(f) = -20*f + 1. Determine v(2).
-39
Let s(k) = 45*k - 3. Calculate s(1).
42
Let n(a) = -a**2 - 12*a - 14. What is n(-10)?
6
Let l(t) = 2*t**2 + 7*t - 9. Determine l(-5).
6
Let h(t) = -2*t - 74. What is h(-35)?
-4
Let r(p) = p**3 + 4*p**2 - 11*p - 6. What is r(-6)?
-12
Let u(b) = b**3 - 5*b**2 - 2*b + 6. Give u(6).
30
Let i(v) = -2*v**3 - 2*v**2 + 7*v + 16. What is i(-2)?
10
Let w(k) = k - 6. Determine w(6).
0
Let i(m) = -199*m + 394. Give i(2).
-4
Let i(c) = -c**3 - 7*c**2 - c + 7. Calculate i(-6).
-23
Let g(o) = -o - 19. Give g(-23).
4
Let i(s) = 11*s - 1. Determine i(1).
10
Let t(s) = 9*s**2 - 5*s + 1. What is t(1)?
5
Let b(u) = -6*u - 17. What is b(-5)?
13
Let q(v) = -v**3 - 7*v**2 + 11*v + 18. Give q(-8).
-6
Let q(d) = d**2 + 5*d + 4. Determine q(-8).
28
Let w(j) = -j - 13. Determine w(-5).
-8
Let d(i) = -2*i**2 - 17*i + 26. Calculate d(-9).
17
Let t(r) = 3*r + 7. Determine t(-4).
-5
Let z(d) = 5*d**2 + 7*d + 5. What is z(-4)?
57
Let z(j) = 2*j**2 + 3*j - 10. What is z(-4)?
10
Let j(i) = -i + 4. Determine j(-17).
21
Le